12 divide 7500?
True
Is 321 a multiple of 12?
False
Does 3 divide 2506?
False
Is 5623 a multiple of 60?
False
Does 15 divide 990?
True
Is 18 a factor of 7884?
True
Does 32 divide 28747?
False
Does 43 divide 6106?
True
Does 14 divide 61?
False
Is 45 a factor of 6274?
False
Does 2 divide 923?
False
Does 12 divide 272?
False
Does 27 divide 1890?
True
Is 976 a multiple of 61?
True
Does 26 divide 3250?
True
Does 6 divide 139?
False
Is 726 a multiple of 33?
True
Does 6 divide 36?
True
Is 361 a multiple of 9?
False
Is 19201 a multiple of 56?
False
Is 32 a factor of 1792?
True
Is 1487 a multiple of 6?
False
Is 45 a factor of 5535?
True
Does 56 divide 840?
True
Is 14594 a multiple of 17?
False
Is 6 a factor of 61?
False
Is 2631 a multiple of 11?
False
Does 39 divide 2223?
True
Does 44 divide 1627?
False
Does 12 divide 5040?
True
Is 8 a factor of 583?
False
Is 5237 a multiple of 3?
False
Is 6 a factor of 3125?
False
Is 945 a multiple of 63?
True
Is 22 a factor of 146?
False
Does 30 divide 395?
False
Does 2 divide 2255?
False
Is 3 a factor of 2886?
True
Does 27 divide 2162?
False
Is 172 a multiple of 18?
False
Is 33133 a multiple of 56?
False
Is 209 a factor of 8987?
True
Is 5 a factor of 3116?
False
Does 77 divide 19982?
False
Is 60 a factor of 524?
False
Is 1276 a multiple of 2?
True
Is 73 a factor of 2044?
True
Does 44 divide 3740?
True
Is 2150 a multiple of 50?
True
Does 12 divide 782?
False
Is 13 a factor of 3555?
False
Does 7 divide 1231?
False
Does 15 divide 12000?
True
Does 30 divide 5541?
False
Is 763 a multiple of 8?
False
Is 3438 a multiple of 29?
False
Does 8 divide 2338?
False
Is 37136 a multiple of 14?
False
Does 43 divide 6268?
False
Is 19824 a multiple of 14?
True
Is 11 a factor of 339?
False
Is 39 a factor of 10335?
True
Does 18 divide 1024?
False
Is 51 a factor of 2951?
False
Is 44 a factor of 14885?
False
Does 13 divide 952?
False
Is 13 a factor of 11037?
True
Is 378 a multiple of 54?
True
Is 12189 a multiple of 140?
False
Is 7840 a multiple of 56?
True
Is 15 a factor of 570?
True
Does 114 divide 342?
True
Is 25 a factor of 37078?
False
Is 39772 a multiple of 8?
False
Is 45 a factor of 4087?
False
Does 13 divide 1417?
True
Is 1120 a multiple of 20?
True
Does 9 divide 1566?
True
Is 16 a factor of 3104?
True
Is 26 a factor of 1534?
True
Is 13 a factor of 4082?
True
Is 31053 a multiple of 3?
True
Is 9886 a multiple of 23?
False
Does 11 divide 1476?
False
Is 1710 a multiple of 57?
True
Is 114 a factor of 15445?
False
Is 162 a multiple of 27?
True
Does 49 divide 68820?
False
Is 255 a factor of 17362?
False
Is 18 a factor of 4734?
True
Is 42 a factor of 126?
True
Is 40 a factor of 922?
False
Is 3808 a multiple of 272?
True
Is 39 a factor of 31428?
False
Does 9 divide 10395?
True
Does 71 divide 1136?
True
Is 46120 a multiple of 5?
True
Does 14 divide 140?
True
Is 111 a factor of 33211?
False
Is 717 a multiple of 3?
True
Does 51 divide 2295?
True
Does 10 divide 896?
False
Does 25 divide 454?
False
Is 20 a factor of 54462?
False
Is 133 a multiple of 7?
True
Is 1497 a multiple of 46?
False
Is 204 a factor of 18972?
True
Is 8000 a multiple of 25?
True
Does 36 divide 972?
True
Is 3 a factor of 1845?
True
Is 3393 a multiple of 117?
True
Is 1167 a multiple of 15?
False
Is 5163 a multiple of 103?
False
Is 93 a factor of 1751?
False
Does 11 divide 3817?
True
Is 215 a factor of 52487?
False
Does 35 divide 1820?
True
Does 9 divide 310?
False
Is 4977 a multiple of 79?
True
Is 1615 a multiple of 19?
True
Does 61 divide 1225?
False
Is 810 a multiple of 10?
True
Does 64 divide 7553?
False
Is 122 a multiple of 9?
False
Is 110876 a multiple of 120?
False
Is 28 a factor of 140?
True
Is 12 a factor of 96?
True
Does 25 divide 41418?
False
Is 136356 a multiple of 44?
True
Does 83 divide 913?
True
Is 23 a factor of 851?
True
Does 19 divide 50710?
False
Does 7 divide 182?
True
Is 46 a factor of 460?
True
Is 5239 a multiple of 31?
True
Is 80 a factor of 320?
True
Does 56 divide 8871?
False
Is 544 a multiple of 68?
True
Is 276 a multiple of 3?
True
Is 444 a multiple of 52?
False
Does 10 divide 4340?
True
Is 120 a multiple of 4?
True
Is 16 a factor of 7467?
False
Is 5 a factor of 2765?
True
Does 12 divide 6216?
True
Is 93 a factor of 27156?
True
Does 35 divide 8995?
True
Is 29 a factor of 3612?
False
Is 6262 a multiple of 124?
False
Is 4 a factor of 581?
False
Is 23 a factor of 414?
True
Is 3 a factor of 28215?
True
Does 13 divide 6400?
False
Is 7544 a multiple of 23?
True
Is 975 a multiple of 65?
True
Is 240 a multiple of 10?
True
Is 13 a factor of 1846?
True
Is 20 a factor of 932?
False
Does 16 divide 22576?
True
Does 49 divide 52656?
False
Is 90 a factor of 30780?
True
Is 4 a factor of 136?
True
Does 3 divide 1984?
False
Does 11 divide 317?
False
Is 210 a multiple of 48?
False
Is 9 a factor of 36?
True
Is 117 a factor of 6821?
False
Is 60 a factor of 1020?
True
Does 83 divide 12367?
True
Does 23 divide 4324?
True
Is 161 a factor of 21252?
True
Does 155 divide 479?
False
Is 1849 a multiple of 25?
False
Is 52234 a multiple of 26?
True
Is 10 a factor of 100170?
True
Does 68 divide 45015?
False
Is 774 a multiple of 86?
True
Does 203 divide 10556?
True
Is 5 a factor of 636?
False
Is 62 a factor of 7826?
False
Does 142 divide 10781?
False
Is 19 a factor of 4864?
True
Is 2248 a multiple of 10?
False
Is 37 a factor of 1777?
False
Is 20 a factor of 80?
True
Is 57 a factor of 812?
False
Is 28 a factor of 26456?
False
Is 1716 a multiple of 37?
False
Does 38 divide 94?
False
Is 34 a factor of 17442?
True
Is 12165 a multiple of 20?
False
Is 682 a multiple of 86?
False
Is 1962 a multiple of 9?
True
Does 33 divide 408?
False
Is 1127 a multiple of 11?
False
Does 44 divide 603?
False
Does 43 divide 2107?
True
Does 12 divide 8434?
False
Is 2 a factor of 3637?
False
Is 612 a multiple of 18?
True
Is 70 a factor of 5530?
True
Does 20 divide 108860?
True
Is 22 a factor of 1917?
False
Does 32 divide 53632?
True
Does 103 divide 5871?
True
Does 32 divide 288?
True
Does 3 divide 361?
False
Is 55 a factor of 1320?
True
Is 22784 a multiple of 128?
True
Is 17 a factor of 37983?
False
Is 14 a factor of 220?
False
Is 51 a factor of 79?
False
Is 16 a factor of 182?
False
Is 5 a factor of 201?
False
Is 88 a factor of 20680?
True
Is 16 a factor of 20575?
False
Is 114 a factor of 798?
True
Is 85 a multiple of 35?
False
Is 1204 a multiple of 11?
False
Is 376 a multiple of 47?
True
Does 54 divide 2322?
True
Does 236 divide 23836?
True
Is 25998 a multiple of 14?
True
Is 8 a factor of 69?
False
Is 132 a factor of 11748?
True
Does 3 divide 3933?
True
Is 36 a factor of 7632?
True
Is 19177 a multiple of 14?
False
Is 1118 a multiple of 13?
True
Does 10 divide 9300?
True
Does 27 divide 15735?
False
Is 2893 a multiple of 9?
False
Is 857 a multiple of 31?
False
Is 798 a multiple of 14?
True
Is 93 a factor of 930?
True
Does 16 divide 2496?
True
Is 456 a multiple of 19?
True
Is 19420 a multiple of 131?
False
Is 1051 a multiple of 88?
False
Is 192 a multiple of 22?
False
Is 16488 a multiple of 36?
True
Is 15 a factor of 101166?
False
Does 110 divide 22660?
True
Is 525 a multiple of 25?
True
Is 7 a factor of 5460?
True
Is 38 a factor of 6726?
True
Does 155 divide 17225?
False
Does 163 divide 50856?
True
Is 77 a factor of 3498?
False
Does 84 divide 924?
True
Is 998 a multiple of 25?
False
Is 1440 a multiple of 88?
False
Is 27 a factor of 1491?
False
Is 41 a factor of 111?
False
Is 2544 a multiple of 6?
True
Is 89 a factor of 43699?
True
Is 976 a multiple of 16?
True
Does 7 divide 1708?
True
Is 44 a factor of 41353?
False
Is 1267 a multiple of 50?
False
Does 20 divide 500?
True
Is 14274 a multiple of 39?
True
Does 27 divide 378?
True
Is 13486 a multiple of 35?
False
Does 24 divide 1392?
True
Is 23 a factor of 65412?
True
Is 54 a factor of 1942?
False
Is 27 a factor of 560?
False
Is 7 a factor of 10228?
False
Is 7 a factor of 13965?
True
Is 312 a multiple of 24?
True
Does 49 divide 1378?
False
Does 15 divide 1476?
False
Is 5598 a multiple of 277?
False
Is 11358 a multiple of 8?
False
Is 9390 a multiple of 10?
True
Is 2575 a multiple of 32?
False
Is 3808 a multiple of 17?
True
Is 547 a multiple of 5?
False
Is 3 a factor of 42?
True
Is 5986 a multiple of 73?
True
Does 49 divide 4753?
True
Is 4776 a multiple of 12?